ive of -f**6/360 + f**5/30 + 7*f**4/24 + 2*f**3/3 + 3*f**2. Let x(l) be the first derivative of b(l). Determine x(6).
-5
Suppose -4*k = -2*w - 12, k - 5*w - 22 = -k. Let s(u) = 13*u**3 + 2*u**2 - 2*u + 1. Calculate s(k).
14
Let g be (1 - -1)*20/4. Suppose -1 + g = -3*c. Let x(s) = s**3 + 3*s**2 - s - 1. What is x(c)?
2
Let x(q) = q**3 - 4*q**2 + 4. Let k = 143 + -140. Determine x(k).
-5
Let c(v) = v + 2. Let z(n) = 1. Let s(p) = -c(p) - 6*z(p). Calculate s(-4).
-4
Let i be 0 + (-2)/(-10) + 44/(-220). Let u(f) = -f**2 - 6. Let k(b) = -2*b**2 - 12. Let n(a) = 4*k(a) - 9*u(a). Calculate n(i).
6
Let x = 3 + -7. Let w = x + 6. Let u(g) = -5*g**2 + g. Let k(r) = 4*r**2 - r. Let b(d) = w*u(d) + 3*k(d). What is b(1)?
1
Let u(m) be the first derivative of -m**6/120 - m**5/60 + m**4/12 - 2*m**3/3 + 7*m**2/2 - 9. Let s(b) be the second derivative of u(b). What is s(-3)?
8
Let f(z) = -2*z**3 - z**2 + z - 3. Let l be f(-2). Let g(w) = w**3 - 7*w**2 - w + 7. Calculate g(l).
0
Let q(w) = 10*w**2 + w. Let l be q(-1). Suppose -42*x - 3 = -43*x. Let m(g) = -g**x - 2 - l*g + 10*g - 3 + 0 + 6*g**2. Determine m(6).
1
Let p be 1/(-2) - 5/((-60)/9). Let n(t) be the first derivative of 2*t - 1/3*t**3 + p*t**4 + 1/2*t**2 + 3. Determine n(0).
2
Let j(q) be the third derivative of -q**4/24 + q**3/6 + 49*q**2. Calculate j(4).
-3
Let g(n) be the second derivative of n**4/6 - 2*n**3/3 - n**2/2 + 9*n. What is g(4)?
15
Suppose -5*x - 9 = -2*x. Let z = x - -4. Let c(g) = 27*g + 8*g**2 - 28*g - 2*g**2. Give c(z).
5
Let l(v) = 12*v**2 + v + 4. Let c(z) = 35*z**2 + 3*z + 11. Let t(g) = 4*c(g) - 11*l(g). Give t(-1).
7
Let x(a) = -6*a + 1. Let o(d) = 11*d + d - 7*d. Let r(b) = 5*o(b) + 4*x(b). Determine r(4).
8
Let j(v) = v - 3. Let h be j(3). Suppose -z + 2 + 0 = h. Let p(x) = -2 + z - 2 + 4*x. Determine p(2).
6
Let s(m) = m**3 + 4*m**2 + 2*m + 2. Let x(k) = -k - 4. Let o be x(-4). Suppose 0 = w - o + 3. Give s(w).
5
Let r(n) be the third derivative of -n**5/120 + n**4/24 - n**3/2 - n**2. Let h(w) be the first derivative of r(w). Suppose x = -5 + 10. What is h(x)?
-4
Let p(y) = y**3 + 2*y**2 - 4*y. Let n = 14 + -12. Suppose 0 = n*v + 5*u + 6, -3 = -0*v + v - u. Calculate p(v).
3
Suppose q - 2 - 1 = 0. Let n be q/(-12) - 13/(-4). Suppose -n*t = 3*o - 18, 4*t - o = 3*o + 16. Let b(u) = u**2 - 5*u + 4. Calculate b(t).
4
Let n be (3 - 2)*(-8 + 0). Let a be (0/(-2))/(n + 7). Let y(k) = k - 1. Let l(d) = 1. Let u(r) = -2*l(r) + y(r). Calculate u(a).
-3
Suppose -2*s - 3*s = -2*g + 10, -g - 2*s = 13. Let k(q) = 5*q**2 + q**2 + 2 + 3*q + 2*q + q**3. Let b be k(g). Let y(j) = -j**3 + j**2 - j - 2. Determine y(b).
-8
Suppose s + 0*s - 1 = -2*o, 3*o + 9 = 2*s. Let l = -5 - o. Let u(j) = 2*j + 6. What is u(l)?
-2
Let y(k) = -2 + 3*k - 4*k**2 - 3*k + k**3. Let r be (4 - 64/12)*-3. Give y(r).
-2
Let t(n) = -3*n + 1. Let c(b) = b. Let r(s) = 2*c(s) + t(s). Give r(2).
-1
Let l(u) be the second derivative of -u**3/6 + u**2/2 + 4*u. Suppose 5 - 2 = 3*o. Let s(a) = -a**3 + 6*a**2 - 5*a + 3. Let i(w) = o*l(w) + s(w). Give i(5).
-1
Suppose 0 = y + y - 12. Let t(m) = -y*m - 1 + 3*m + 4*m. What is t(5)?
4
Let v = -3 - -4. Let w(c) be the first derivative of 0*c**3 - c**4 - 1/2*c**2 + 0*c + 6. Calculate w(v).
-5
Let o = -12 + 33. Let d be ((-12)/o)/((-2)/7). Let u(h) = 0 - h**2 + 6 - d + 6*h. Give u(6).
4
Let o(j) = -j**2 + 21*j + 24. Let y be o(22). Let v(x) = -2*x**2 + 1 + x**2 + x - 2. What is v(y)?
-3
Let m(v) = -24*v**3 + 4*v + 8*v**2 - 4 - 4*v + 23*v**3. Give m(8).
-4
Let f(i) = -i**3 - 4*i**2 + 4*i - 7. Suppose 5*k - 3*k = -22. Let m = -7 - k. Suppose -3*s = 2*n + 9, -m*s + 0*s + n - 23 = 0. Determine f(s).
-2
Let g(m) be the third derivative of 0 - 1/6*m**3 + 0*m + 0*m**4 - 1/120*m**6 - 1/15*m**5 + m**2. Let b(x) = 3*x + 12. Let w be b(-5). What is g(w)?
-10
Suppose -r + 2*r = 4. Let a(g) = -10*g + 21. Let t(z) = 2*z - 4. Let i(p) = -2*a(p) - 11*t(p). What is i(r)?
-6
Let y(a) be the second derivative of a**5/20 - a**4/3 - a**3 + 7*a**2/2 + 8*a. What is y(5)?
2
Let n(r) = -r**3 + 5*r**2 - 5*r + 5. Suppose d - w - 9 = 0, -2*d - 4*w = 3*d. Suppose -x + 0*x + d = 0. Give n(x).
1
Let r be ((-4)/10)/(11/(-110)). Let b(u) = -u**3 + 5*u**2 - 6*u + 1. Give b(r).
-7
Let y(u) be the second derivative of -u**5/20 - u**4/2 + 4*u**3/3 + 7*u**2/2 + 2*u. What is y(-7)?
0
Let k(j) = j - 2. Let p(x) = -x - 13. Let f be 2 + (1 - 0/(-3)). Suppose u + 5*h = 4, 0*u = f*u + 3*h + 24. Let s be p(u). What is k(s)?
-4
Suppose 0 = 4*b + 13 - 45. Let y = -2 + b. Let j(d) = -d - 1. What is j(y)?
-7
Let h(d) = -2*d + 1. Let v = 8 - -7. Let w be 5*((-54)/v + 3). Calculate h(w).
7
Let q(j) = j - 7. Let f = -8 + 17. Let y be q(f). Let x(k) = k**3 - k**2 - 2*k + 3. Calculate x(y).
3
Let z(k) = -k**3 - 4*k**2 - 5*k - 4. Let b = 6 + -9. Give z(b).
2
Let k(x) = x + 2. Suppose 3*i + 25 = -2*i. Give k(i).
-3
Let w be ((-6)/(-5))/((-6)/(-20)). Let l(f) = -f - 9. Let i(k) = -8 + 1 + 6. Let j(g) = 5*i(g) - l(g). Determine j(w).
8
Let v(z) = -z**2 - 4*z + 3. Let g be 26/(-6) + 2/6. Let a = 6 + g. What is v(a)?
-9
Let w(q) be the first derivative of -q**4/4 + 2*q**3 - 2*q**2 - 3*q + 3. Determine w(5).
2
Let g(m) = -2*m - 1. Let l be (-9)/7 - 8/(-28). Let f be 0/(2/l - -3). Suppose 5*d + f = 5. Calculate g(d).
-3
Let b = 5 + 0. Let q(g) = -g**3 - 5*g**2 + 4*g + 2. Let x(n) = -n**3 - 5*n**2 + 5*n + 2. Let u(c) = b*x(c) - 6*q(c). Determine u(-5).
-7
Let x(i) = -2*i - 4. Let p be x(-4). Suppose 9*v = p*v. Let l(f) = f - 4 + f + v*f - f**2. Give l(3).
-7
Let t(p) = -2*p + 4*p - 9 + p - 2*p. Determine t(0).
-9
Let i be -4 + (1 - 4)*4/3. Let t(w) = -w + 6. Give t(i).
14
Let s(q) = -9*q + 20. Let d(p) = 4*p - 9. Let c(u) = 13*d(u) + 6*s(u). What is c(-5)?
13
Let y(o) = -2 + o + 0 - 1 - 1. What is y(3)?
-1
Let g(q) = -q + 7. Suppose -v + 17 = a - 7, 3*a = 12. Suppose 0 = -2*k - 2*k + v. Calculate g(k).
2
Suppose -4*o + 17 = -w, -o - 2*w - 16 = -3*o. Let k(p) = -p**3 + 3*p**2 - 3*p + 2. Calculate k(o).
-7
Let d be -2*3/6 - -3. Suppose -2*p = -0*p - 6, -d*v = -p + 5. Let a(k) = -3*k**2 + k. Calculate a(v).
-4
Suppose -20 = m + 4*z, 3*m - 4*z = m - 4. Let f be (-12)/18 - 41/(-3). Let k = f + m. Let w(n) = -n + 2. Calculate w(k).
-3
Let x(a) = -a**3 - 2*a**2 - 2*a + 1. Let y be (-18)/8 + 3/(-4). Let d = y + 1. Determine x(d).
5
Let g(f) be the third derivative of -f**5/30 - f**4/24 + f**3/6 - 39*f**2. Give g(1).
-2
Let j(c) be the first derivative of -13 + 7 - 2*c**2 + 9. Calculate j(-3).
12
Let w(o) = -2 + 3 + 2*o**3 + 0. What is w(-2)?
-15
Let g(p) = -p**3 - 9*p**2 - p + 6. Let t(k) = k - 1. Let l(j) = g(j) + t(j). Determine l(-9).
5
Let l(w) = w**3 + w**2 - 2*w - 2. Suppose 2*d = -2*o, 5*o - 4*d = -3*d + 18. Give l(o).
28
Let g = 7 + -2. Suppose 0 = 2*l + 3*o + 1, 4*o - 5 = -5*l + 3. Let b(d) = 5*d + 3. Let w(n) = n + 1. Let u(x) = l*b(x) - 18*w(x). Calculate u(g).
4
Let d(a) = -a + 1 + 3 + 11 + 2*a. Calculate d(-7).
8
Let h(x) = x**2 + 5*x - 10. Let p be h(-7). Let m = -6 + 10. Suppose p*v = -0*v + m. Let c(k) = 5*k**2 + k. Give c(v).
6
Let x be (-8 - -5)*(-3)/9. Let j(h) = -16*h**3 + h**2 + h - 1. What is j(x)?
-15
Let j(w) be the second derivative of -w**3/6 + w**2 + 58*w + 1. Calculate j(-7).
9
Let o(v) = v**3 - 6*v + 23 - 18 + v**2 + 3*v**2. Give o(-5).
10
Let y(i) = -5*i**2 - 9*i + 1. Let j(x) = -4*x**2 - 9*x - 1. Let t(h) = 4*j(h) - 3*y(h). What is t(-7)?
7
Let l be (2/3)/(14/(-105)). Let q = -9 - l. Let o(a) = a**2 + 4*a + 3. Give o(q).
3
Let y(d) = d**3 + 4*d**2 - 6*d + 4. Let o be -1*9 - 20/(-5). What is y(o)?
9
Let m(y) be the third derivative of 0 + 0*y - 1/60*y**5 + 2*y**2 + y**3 + 5/24*y**4. Calculate m(6).
0
Let j be 1*(1 + 1 + -20). Let v be ((-2)/3)/((-12)/j). Let i = v - 0. Let x(m) = 4*m**3 - 2*m**2 - m. What is x(i)?
-5
Let q(o) = o**3 + 2*o**2 - 3*o. Let r(i) be the third derivative of -i**5/60 - i**4/24 - i**3/2 + 2*i**2. Let j be r(0). Calculate q(j).
0
Let l(c) be the second derivative of -c**4 - c**2/2 - 8*c. Calculate l(1).
-13
Let w(k) = -k. Let r(a) = 2*a + 3*a - 3*a - 3*a. Let x(y) = 13*r(y) - 6*w(y). Let m = -2 - -1. Calculate x(m).
7
Suppose o + w = 4*w + 9, 3*o = 4*w + 17. Let a(m) = -m**2 + m**o + 3 + 3*m**2 - 4. Determine a(-1).
0
Suppose n + 2 = 0, 7 = g - 2*n - 1. Let s(k) = k**2 - k + 5. Let f be s(0). Let 